 third derivative of c**6/120 - 17*c**5/60 - 13*c**4/8 + 13*c**3/3 + 1832*c**2 - 2*c + 1. Give w(19).
7
Suppose 0 = -3*l - 5*d - 284 + 249, -5*l + 2*d = -14. Let t(w) be the third derivative of 35*w**2 - 1/24*w**4 + 1/30*w**5 + 0 + l*w - 1/6*w**3. Calculate t(2).
5
Let x(n) be the second derivative of n**5/20 + n**4 + 9*n**2/2 + 15*n + 1. Let j be ((-144)/40)/((-3)/20*-2). What is x(j)?
9
Let y(w) = w**2 + 9*w + 43. Let n(p) = -p**2 - 9*p - 35. Let u(x) = 5*n(x) + 4*y(x). Let i be 4/(-12) - (-2 - (-17)/3). Give u(i).
17
Suppose -4*f + 63 = -5*v, -15*v + 7 = -20*v - 4*f. Let x(t) = -2*t**3 - 13*t**2 + 7*t + 1. Calculate x(v).
1
Let c(s) = -s**3 - 9*s**2 - 2*s - 13. Let j be (-6)/4*(-6 + 3 - -1). Suppose -j*w + 3*k = -0*k + 12, 0 = -4*w + 2*k - 26. Calculate c(w).
5
Let d(t) = -t**2 - 3*t + 8. Let m be ((-26)/65)/((-2)/(-10)). Let v be (-5 + (-126)/(-30))*5. Let f = v + m. Determine d(f).
-10
Suppose 19*g - 4*a + 4 = 23*g, -3*g + a = -15. Let f(r) = -3*r**2 - 5*r + 5. Calculate f(g).
-63
Let v(w) = 530*w**2 - 5*w + 522*w**2 + 528*w**2 - 5*w + 15 - 1581*w**2. What is v(-16)?
-81
Suppose -5*q - 4*t + 13 + 11 = 0, -3*t = -2*q + 5. Let k(n) = 6*n**2 - 25*n + 10. Calculate k(q).
6
Let j(w) be the second derivative of w**5/5 - w**4/4 - w**3/2 + 2*w**2 + 3436*w. Give j(-2).
-34
Suppose -514 = -3*q + 161. Suppose -215*y + q*y - 40 = 0. Let a(p) = 4*p - 3. Give a(y).
13
Let h(m) = -m**3 + 4. Suppose 19*d - 15*d - 12 = 0. Suppose -d*r = 48 - 63. Suppose r*f + 15 = -5*j, -3*f + 0*f - 6 = 2*j. Give h(f).
4
Let v = -423 + 429. Let q(u) = u**3 - 3 + 4*u**2 + 4*u - 3*u + v - 2. What is q(-4)?
-3
Let y(f) be the third derivative of f**6/120 - 7*f**5/30 - 17*f**4/12 + 17*f**3/3 + 79*f**2 + 12. Give y(16).
2
Suppose 0 = -25*x + 31*x + k - 62, 71 = 5*x - 4*k. Let a(p) = -5*p + 45. What is a(x)?
-10
Suppose -3*g + 2*g + 7*g = 0. Suppose g = -2*s + 4*s + 2. Let z(k) = -17*k**3 + k**2 + 2*k + 1. What is z(s)?
17
Let u(n) = -2*n - 8. Suppose 48 + 44 = 4*f. Suppose f*l - 36 = 29*l. Determine u(l).
4
Let k be (((-480)/25)/8)/(27/(-90)). Let c(m) = m**3 - 8*m**2 + 2*m - 28. Determine c(k).
-12
Let o(k) = 2*k**2 + 28*k - 9. Let u be o(-14). Let r be 2/(-2) + ((-24)/8 - u). Let v(s) = s - 11. What is v(r)?
-6
Let k = -10327 + 10335. Let a(t) = -t + 43. Give a(k).
35
Let c = 44 + -30. Let g be c/(-70) + 28/(-10). Let b(t) = 12*t + 4 - 2*t - 5*t + t**2. Give b(g).
-2
Let s = 59 + -49. Let y(p) = p - 9. What is y(s)?
1
Let u be 1 - 3 - (-1 - 1). Let a(l) = 231 - 3*l**3 - 5*l**2 - 2*l**2 - 2*l - 280. Let x(j) = -j**3 - 3*j**2 - j - 24. Let p(t) = 2*a(t) - 5*x(t). Give p(u).
22
Let v(x) = x**2 + 16*x + 54. Suppose 0 = -241*p + 273*p + 128. What is v(p)?
6
Let q(f) = -2*f**3 - f**2 - f. Let o be q(-1). Suppose -3*v = o*c + 14, 0 = -c - 3*v + 7*v - 7. Let i(s) = -2*s**2 - 15*s - 8. What is i(c)?
-1
Let l(q) = -q**3 + 2*q**2 + 61*q + 15. Let b(t) = t**2 + 3*t + 11. Let n be b(-2). Let r be l(n). Let g(m) = m**3 + 2*m**2 - 4*m - 3. Determine g(r).
0
Let b(w) = 22*w**2 + 14 - 17*w + 130*w + 4817*w**3 - 4816*w**3. Calculate b(-8).
6
Suppose -2*j = -11*j + 94 - 166. Let v(i) = 6*i + 34. What is v(j)?
-14
Suppose 0 = -5*r - 9*o + 5*o + 41, -4*r - 5*o + 31 = 0. Let p(l) = -199*l**3 - r*l**2 + 7*l**2 - 3*l - 2 + 200*l**3. Determine p(3).
-2
Suppose 9*v - 11*v - 4*u = 0, 2*u = 4*v - 10. Let m(q) = -q**v + 952 - 3*q - 1901 + 951. Let p be (-2)/(-8) - 63/12. Give m(p).
-8
Suppose 3*i - 31 = -176*a + 181*a, 5*i + a - 5 = 0. Let v(r) = -4*r + 16. What is v(i)?
8
Let r(z) = 10*z**2 + z + 1. Let a be ((-7)/((-7)/3))/(6/4). Let c be (-1)/(-3 + a + 2). What is r(c)?
10
Let s(i) = -5*i**3 - 12*i**2 - i + 4. Let y(j) = j**3 + j**2 - j - 1. Let f(k) = -s(k) - 6*y(k). Suppose 2*o = -13*o + 105. Calculate f(o).
2
Suppose -19*h - 68 = -23*h. Suppose -4*x - y + 16 = 0, -3*y - h = -3*x + 10. Let z(b) = 7*b**2 + x*b + 0*b**2 - 7*b - b**3 - 1 - b**2. What is z(5)?
14
Let d(g) = g**2 + 18*g + 46. Let a(i) = 2*i**2 + 58*i + 393. Let m be a(-12). What is d(m)?
1
Suppose -3*k = -3*r, -1 = k + 3*r + 3. Let g be (56 + -1)/(-5) - k. Let v be (((-32)/g)/4)/(16/40). Let u(i) = 3*i**2 - 3*i + 3. What is u(v)?
9
Let u(r) = -r**3 - 2*r**2 - 3*r. Let b be ((-2 - -1) + 0)*((7 - 3) + -2). Give u(b).
6
Let q(b) be the first derivative of 56 - 9/2*b**2 - 1/4*b**4 - 14*b + 11/3*b**3. Give q(10).
-4
Let h(i) = -119*i. Let m(g) be the second derivative of 7*g**3/6 - g. Let y(j) = -2*h(j) - 35*m(j). Let s = -124176 + 124175. What is y(s)?
7
Suppose -1594 = -90*u + 22 + 4. Let g(q) = -q**3 + 18*q**2 - 3*q + 25. Give g(u).
-29
Let p = 1448 + -1454. Let i(j) = j**3 + 5*j**2 - 9*j - 15. Let t be i(p). Let k(l) = 3*l + l**3 - 4 - 2*l**3 + l. What is k(t)?
-19
Let l(q) = -3*q**2 - 2*q - 3. Let x(w) = 3*w**2 + w + 3. Let j(s) = -3*l(s) - 2*x(s). Suppose -a - 2*v = 3*a + 16, 4*a = v - 4. Give j(a).
7
Let c(d) be the second derivative of d**4/6 - 7*d**3/6 - 53*d**2/2 - 86*d. Let v(z) be the first derivative of c(z). Calculate v(5).
13
Let h(v) = v**3 - 21*v**2 - 2*v + 16. Let o = 4706 + -4685. What is h(o)?
-26
Let x(f) be the third derivative of -f**4/4 + f**3/6 + f**2. Suppose 99*m - 31*m = -136. Determine x(m).
13
Let h(w) = -3*w**2 + 8. Let i(m) = -7*m**2 + m + 18. Let s be (-1)/1*-5 - (7 + -4). Let c(z) = s*i(z) - 5*h(z). Suppose 0*b = -2*b - 8. Calculate c(b).
4
Let t(r) be the third derivative of 17*r**4/12 + 211*r**3/6 + 71*r**2 + 2. Calculate t(-6).
7
Let g be 22*30/36 - 11/33. Suppose 3*a - 21 = -j, -2*j + 11 = 4*a - 21. Suppose 0 = -j*v - 30 - g. Let w(d) = d**3 + 9*d**2 + 7*d - 2. What is w(v)?
6
Let j be -2 + 300/32 + (-228)/608. Let q(p) = 5*p - 44. Give q(j).
-9
Let p(h) = h**2 - h - 2. Let w be p(3). Suppose -5*n - 30 = -w*t, 15*n = 11*n + 2*t - 18. Let i(j) = -2*j**3 - 2*j**2. What is i(n)?
8
Let p be 2 - (-46 + 2)*(3 + 54/(-24)). Let r(t) = t**3 - 36*t**2 + 36*t - 78. What is r(p)?
-43
Let w(n) = -6*n**3 + n. Let k be (14/(-6))/(4/204). Let a = 120 + k. Give w(a).
-5
Let m(c) = c - 28. Let n(k) = -6*k**2 - 10*k + 81. Let v(h) = -3*m(h) - n(h). Give v(-2).
13
Let l = -44 + 47. Let c(b) be the second derivative of b**4/6 - 5*b**3/6 - b**2 + 11*b - 3. Give c(l).
1
Let s(p) = 7*p**2 - 61*p - 24. Let h = -16675 - -16684. What is s(h)?
-6
Let f = 34 - 21. Suppose -f*m + 112 = 151. Let g(q) = 2*q - 3. Determine g(m).
-9
Let t(l) = 0 + l**2 + l + 5 - 2 + 5. Let x = -182 - 361. Let k = x + 543. What is t(k)?
8
Suppose 14426 + 9899 = -5*a. Let c be 48/(-22) - -2 - a/77. Let i = -62 + c. Let b(g) = 9*g**3 + g**2. Give b(i).
10
Suppose 4*n - 7 = 3*u - 8, u = -4*n + 11. Let g(o) = -n*o**2 + 286*o - 1 - 283*o - 4*o**2. Determine g(1).
-4
Let j(s) be the second derivative of s**4/12 - s**3 - 1207*s. Let q(a) = -a + 3. Let o be q(3). Let v(r) = r**2 + r + 6. Let i be v(o). Give j(i).
0
Let w = 18 + -16. Suppose -17*l + w = -16*l. Suppose -l + 8 = 3*h. Let x(v) = v**2 - 2*v + 1. Calculate x(h).
1
Let c(x) be the third derivative of -46*x**2 - 1/12*x**4 + 0*x + 7/6*x**3 + 0. Calculate c(4).
-1
Let r(y) be the third derivative of -5*y**4/24 - 5*y**3/6 + 57*y**2 - 40*y. Calculate r(-7).
30
Suppose 11*j + 9*j - 3*j + 68 = 0. Let s(f) = 35*f + 140. Give s(j).
0
Let z(d) be the second derivative of 0*d**2 + 1/24*d**4 + 1/40*d**5 + 29/6*d**3 + 0 + 26*d. Let o(s) be the second derivative of z(s). What is o(-2)?
-5
Suppose -403*z = -406*z - 2*l - 1, -20 = -3*z - 5*l. Let s(o) be the first derivative of o**3/3 + 3*o**2/2 - 2*o + 3. Calculate s(z).
8
Let c(t) be the third derivative of -t**4/12 - 53*t**3/6 + 3327*t**2. What is c(-23)?
-7
Let k be (8 + 49/(-14) + -6)*(1 + -3). Let q(i) = 2*i**2 + i + 1. Determine q(k).
22
Let c(r) = 2*r - 19. Suppose 5*a - h = 39, 3*a + 4*h - 514 + 486 = 0. Calculate c(a).
-3
Let u be -1 - -3 - (30/6 + -8). Suppose 0 = -u*d - 15, -k + 0*d - 3*d = 11. Let w(x) = -x**3 - 3*x**2 + 1. Calculate w(k).
-3
Let j(n) = n**2 - 11*n + 2. Suppose 0*c - 19*c = 95. Let s(f) = f**3 + 3*f**2 - 8*f + 21. Let r be s(c). Give j(r).
2
Let c = -35754 - -35754. Let n(m) = -m**3 + m**2 - m - 41. Calculate n(c).
-41
Let t = -14751 + 14744. Let x(k) = -13*k**2 - 93*k - 6. Determine x(t).
8
Let f(r) = -14*r + 4 + 12*r + 2*r - 19 + 4*r. Calculate f(11).
29
Let b(i) = -i**3 - 41*i**2 - 131*i - 646. Let s be b(-38). Let l(m) = -21*m - 5